{"id":1794,"date":"2017-10-25T11:12:06","date_gmt":"2017-10-25T10:12:06","guid":{"rendered":"http:\/\/www.ammonberatung.de\/anno\/?page_id=1794"},"modified":"2021-04-09T13:42:01","modified_gmt":"2021-04-09T12:42:01","slug":"firmenprofil","status":"publish","type":"page","link":"https:\/\/www.anno-immobilien.de\/?page_id=1794","title":{"rendered":"Firmenprofil"},"content":{"rendered":"<h3><span style=\"color: #008000;\">Anno Immobilien und Projektentwicklungs GmbH &amp; Co. KG<\/span><\/h3>\n<p>&nbsp;<\/p>\n<p align=\"LEFT\">Herzlich Willkommen auf der Internetseite der Firma Anno Immobilien und Projektentwicklungs GmbH &amp; Co. KG.<\/p>\n<p align=\"LEFT\">Das Unternehmen Anno Immobilien, in Berlin-Steglitz ans\u00e4ssig, wurde 1990 von den Gesch\u00e4ftsf\u00fchrern Michael F\u00f6rsterling und Uwe Kippel gegr\u00fcndet. Der aktuell alleinige Gesch\u00e4ftsf\u00fchrer Uwe Kippel ist immer noch im Unternehmen t\u00e4tig. Somit stehen Ihnen \u00fcber 30 Jahre Erfahrung auf dem Immobilienmarkt Berlin\/Berliner Umland zur Verf\u00fcgung. F\u00fcr eine zukunftsorientierte T\u00e4tigkeit sorgt der Prokurist Herr Gary Kippel.<\/p>\n<p align=\"LEFT\">Wir beraten Sie in allen Fragen rund um die Immobilie kompetent und individuell und unterst\u00fctzen Sie mit all unserem Fachwissen. Als Makler mit Erfahrung kennen wir den Immobilienmarkt und die Zielgruppen sehr gut und bringen Verk\u00e4ufer und K\u00e4ufer zu einem optimalen Vertragsabschluss.<\/p>\n<p align=\"LEFT\">Mit unseren fachkundigen und qualifizierten Mitarbeitern vermitteln wir erfolgreich Eigentumswohnungen, Ein- und Mehrfamilienh\u00e4user, Grundst\u00fccke sowie Renditeobjekte im Gro\u00dfraum Berlin. Dabei stehen wir sowohl Verk\u00e4ufern als auch Kaufinteressenten kompetent mit Rat und Tat zur Seite.<\/p>\n<p align=\"LEFT\">Die Kunden der Firma Anno Immobilien profitieren von der engen Zusammenarbeit mit Immobilienpartnern, Hausbaufirmen und Finanzdienstleistern.<\/p>\n<p align=\"LEFT\"><em>Ein weiteres, wichtiges Bet\u00e4tigungsfeld liegt im Erwerb von Grundst\u00fccken oder Sanierungsobjekten und deren Entwicklung bis hin zur Vermarktung.<br \/>\n<\/em><\/p>\n<p align=\"LEFT\"><em>Insofern nehmen wir <\/em><em>auch gern entsprechende Angebote entgegen. <\/em><\/p>\n<p align=\"LEFT\"><em>Auch der Ankauf von Mehrfamilienh\u00e4user und Anlageobjekte kommt in Frage.<\/em><\/p>\n<p align=\"LEFT\">Als Mitglied im Ring Deutscher Makler (RDM) f\u00fchren wir unseren Beruf unter Einhaltung der Standesregeln des Verbandes stets verantwortungsbewusst aus.<\/p>\n<p><span style=\"color: #333333; font-family: 'Georgia','serif'; font-size: 12pt;\">Unser Team freut sich auf Ihre Kontaktaufnahme, um Sie in den genannten Bereichen zum Ziel Ihrer W\u00fcnsche zu f\u00fchren.<\/span><\/p>\n<p>&nbsp;<\/p>\n<p><span style=\"color: #008000;\"><strong>Sollten auch Sie einen kompetenten und seri\u00f6sen Partner f\u00fcr Ihre Immobilienangelegenheiten suchen, nehmen Sie <a style=\"color: #008000;\" href=\"http:\/\/www.anno-immobilien.de\/kontakt.html\" target=\"Hauptteil\" rel=\"noopener\"><span style=\"font-family: Arial, Helvetica, Univers, 'Zurich BT';\">Kontakt<\/span><\/a><span style=\"font-family: Arial, Helvetica, Univers, 'Zurich BT';\"> mit uns auf.<\/span><\/strong><\/span><\/p>\n<p>&nbsp;<\/p>\n","protected":false},"excerpt":{"rendered":"<p>Anno Immobilien und Projektentwicklungs GmbH &amp; Co. KG &nbsp; Herzlich Willkommen auf der Internetseite der Firma Anno Immobilien und Projektentwicklungs GmbH &amp; Co. KG. Das Unternehmen Anno Immobilien, in Berlin-Steglitz ans\u00e4ssig, wurde 1990 von den Gesch\u00e4ftsf\u00fchrern Michael F\u00f6rsterling und Uwe Kippel gegr\u00fcndet. Der aktuell alleinige Gesch\u00e4ftsf\u00fchrer Uwe Kippel ist immer noch im Unternehmen t\u00e4tig. Somit <span class=\"moretag\"><a href=\"https:\/\/www.anno-immobilien.de\/?page_id=1794\" class=\"btn btn-sm btn-primary\">Mehr Infos<\/a><\/span><\/p>\n","protected":false},"author":1,"featured_media":0,"parent":0,"menu_order":0,"comment_status":"closed","ping_status":"closed","template":"","meta":{"footnotes":""},"class_list":["post-1794","page","type-page","status-publish","hentry"],"_links":{"self":[{"href":"https:\/\/www.anno-immobilien.de\/index.php?rest_route=\/wp\/v2\/pages\/1794","targetHints":{"allow":["GET"]}}],"collection":[{"href":"https:\/\/www.anno-immobilien.de\/index.php?rest_route=\/wp\/v2\/pages"}],"about":[{"href":"https:\/\/www.anno-immobilien.de\/index.php?rest_route=\/wp\/v2\/types\/page"}],"author":[{"embeddable":true,"href":"https:\/\/www.anno-immobilien.de\/index.php?rest_route=\/wp\/v2\/users\/1"}],"replies":[{"embeddable":true,"href":"https:\/\/www.anno-immobilien.de\/index.php?rest_route=%2Fwp%2Fv2%2Fcomments&post=1794"}],"version-history":[{"count":10,"href":"https:\/\/www.anno-immobilien.de\/index.php?rest_route=\/wp\/v2\/pages\/1794\/revisions"}],"predecessor-version":[{"id":2358,"href":"https:\/\/www.anno-immobilien.de\/index.php?rest_route=\/wp\/v2\/pages\/1794\/revisions\/2358"}],"wp:attachment":[{"href":"https:\/\/www.anno-immobilien.de\/index.php?rest_route=%2Fwp%2Fv2%2Fmedia&parent=1794"}],"curies":[{"name":"wp","href":"https:\/\/api.w.org\/{rel}","templated":true}]}}